nder when 186691 is divided by 64?
3
What is the remainder when 2707 is divided by 106?
57
Calculate the remainder when 21606 is divided by 900.
6
Calculate the remainder when 3570 is divided by 265.
125
What is the remainder when 981 is divided by 384?
213
Calculate the remainder when 476 is divided by 26.
8
Calculate the remainder when 27053 is divided by 74.
43
What is the remainder when 262665 is divided by 398?
383
What is the remainder when 28221 is divided by 392?
389
Calculate the remainder when 17766 is divided by 5919.
9
Calculate the remainder when 210587 is divided by 8423.
12
What is the remainder when 13166 is divided by 2625?
41
Calculate the remainder when 43695 is divided by 43668.
27
Calculate the remainder when 67847 is divided by 2188.
19
What is the remainder when 2331 is divided by 2273?
58
What is the remainder when 35267 is divided by 1306?
5
What is the remainder when 761 is divided by 212?
125
Calculate the remainder when 2403 is divided by 83.
79
Calculate the remainder when 52233 is divided by 26.
25
What is the remainder when 69101 is divided by 69100?
1
What is the remainder when 2588 is divided by 252?
68
What is the remainder when 3346 is divided by 98?
14
What is the remainder when 5894 is divided by 975?
44
What is the remainder when 11198 is divided by 1013?
55
What is the remainder when 17990 is divided by 606?
416
What is the remainder when 17205 is divided by 506?
1
What is the remainder when 5892 is divided by 838?
26
What is the remainder when 3883 is divided by 240?
43
Calculate the remainder when 55374 is divided by 802.
36
Calculate the remainder when 231277 is divided by 873.
805
What is the remainder when 516 is divided by 18?
12
Calculate the remainder when 29369 is divided by 2669.
10
Calculate the remainder when 36072 is divided by 511.
302
Calculate the remainder when 1906 is divided by 570.
196
What is the remainder when 686861 is divided by 94?
3
Calculate the remainder when 5362 is divided by 160.
82
What is the remainder when 842 is divided by 823?
19
What is the remainder when 812 is divided by 261?
29
Calculate the remainder when 93850 is divided by 33.
31
Calculate the remainder when 22842 is divided by 11408.
26
Calculate the remainder when 8899 is divided by 4416.
67
What is the remainder when 28303 is divided by 26?
15
What is the remainder when 82185 is divided by 198?
15
What is the remainder when 6969 is divided by 2967?
1035
Calculate the remainder when 10669 is divided by 10656.
13
What is the remainder when 7189 is divided by 335?
154
What is the remainder when 132528 is divided by 2246?
14
Calculate the remainder when 10382 is divided by 535.
217
Calculate the remainder when 235449 is divided by 1436.
1381
Calculate the remainder when 13312 is divided by 739.
10
What is the remainder when 29594 is divided by 1935?
569
What is the remainder when 209677 is divided by 10?
7
Calculate the remainder when 236387 is divided by 116.
95
Calculate the remainder when 123111 is divided by 48.
39
What is the remainder when 1531 is divided by 412?
295
Calculate the remainder when 5599 is divided by 806.
763
Calculate the remainder when 248568 is divided by 62133.
36
Calculate the remainder when 137025 is divided by 88.
9
Calculate the remainder when 1739 is divided by 62.
3
Calculate the remainder when 1446945 is divided by 5131.
3
What is the remainder when 653561 is divided by 18?
17
Calculate the remainder when 292142 is divided by 152.
150
What is the remainder when 66545 is divided by 12?
5
What is the remainder when 152965 is divided by 11?
10
What is the remainder when 36934 is divided by 642?
340
Calculate the remainder when 3202 is divided by 1026.
124
What is the remainder when 816878 is divided by 323?
11
What is the remainder when 382778 is divided by 29?
7
What is the remainder when 546123 is divided by 182028?
39
What is the remainder when 7424 is divided by 1804?
208
What is the remainder when 36582 is divided by 9140?
22
What is the remainder when 20091 is divided by 65?
6
Calculate the remainder when 3285 is divided by 569.
440
What is the remainder when 4560632 is divided by 1339?
1337
Calculate the remainder when 724166 is divided by 274.
258
What is the remainder when 24045 is divided by 28?
21
What is the remainder when 294867 is divided by 14?
13
What is the remainder when 23540 is divided by 12?
8
Calculate the remainder when 377994 is divided by 21.
15
Calculate the remainder when 296386 is divided by 22798.
12
Calculate the remainder when 1187 is divided by 112.
67
Calculate the remainder when 1627 is divided by 460.
247
What is the remainder when 6550 is divided by 662?
592
What is the remainder when 8039 is divided by 1220?
719
Calculate the remainder when 2106639 is divided by 38.
33
What is the remainder when 14651 is divided by 712?
411
What is the remainder when 4115 is divided by 795?
140
What is the remainder when 1003 is divided by 167?
1
Calculate the remainder when 2142 is divided by 716.
710
What is the remainder when 767484 is divided by 19?
17
Calculate the remainder when 5254 is divided by 102.
52
Calculate the remainder when 119432 is divided by 14.
12
What is the remainder when 17788 is divided by 116?
40
What is the remainder when 139804 is divided by 68?
64
Calculate the remainder when 2468 is divided by 15.
8
What is the remainder when 11748 is divided by 23?
18
What is the remainder when 20721 is divided by 1882?
19
What is the remainder when 44503 is divided by 34?
31
Calculate the remainder when 52558 is divided by 82.
78
What is the remainder when 143240 is divided by 425?
15
Calculate the remainder when 31067 is divided by 555.
542
What is the remainder when 51563 is divided by 9?
2
Calculate the remainder when 50951 is divided by 169.
82
What is the remainder when 8810 is divided by 54?
8
Calculate the remainder when 4354 is divided by 208.
194
What is the remainder when 14332 is divided by 9?
4
What is the remainder when 21192 is divided by 3532?
0
Calculate the remainder when 19159 is divided by 27.
16
What is the remainder when 44275 is divided by 1005?
55
Calculate the remainder when 984 is divided by 321.
21
What is the remainder when 159339 is divided by 10622?
9
What is the remainder when 15745 is divided by 18?
13
Calculate the remainder when 36387 is divided by 651.
582
Calculate the remainder when 4469758 is divided by 5.
3
Calculate the remainder when 721857 is divided by 134.
133
Calculate the remainder when 1848063 is divided by 11.
8
What is the remainder when 50846 is divided by 565?
561
What is the remainder when 2206 is divided by 119?
64
What is the remainder when 11102 is divided by 3287?
1241
Calculate the remainder when 5660 is divided by 166.
16
Calculate the remainder when 58151 is divided by 987.
905
What is the remainder when 30846 is divided by 3?
0
What is the remainder when 3421 is divided by 3384?
37
Calculate the remainder when 54813 is divided by 54797.
16
What is the remainder when 3848217 is divided by 47?
45
What is the remainder when 3526 is divided by 1142?
100
What is the remainder when 11028 is divided by 1997?
1043
Calculate the remainder when 15234 is divided by 13.
11
What is the remainder when 278782 is divided by 219?
214
What is the remainder when 140165 is divided by 46719?
8
Calculate the remainder when 154557 is divided by 168.
165
What is the remainder when 84901 is divided by 81?
13
Calculate the remainder when 2585 is divided by 547.
397
Calculate the remainder when 2013395 is divided by 462.
461
Calculate the remainder when 3722 is divided by 42.
26
Calculate the remainder when 224279 is divided by 18.
17
What is the remainder when 19258 is divided by 60?
58
Calculate the remainder when 37647 is divided by 169.
129
What is the remainder when 7898 is divided by 74?
54
What is the remainder when 437069 is divided by 13?
9
Calculate the remainder when 1139964 is divided by 32.
28
Calculate the remainder when 5827 is divided by 161.
31
What is the remainder when 26040 is divided by 367?
350
What is the remainder when 1176 is divided by 307?
255
Calculate the remainder when 4154 is divided by 458.
32
What is the remainder when 1433 is divided by 96?
89
Calculate the remainder when 18731 is di